{"id":166,"date":"2022-06-20T06:38:17","date_gmt":"2022-06-20T06:38:17","guid":{"rendered":"http:\/\/sw-themes.com\/porto_dummy\/?page_id=166"},"modified":"2022-06-20T06:38:17","modified_gmt":"2022-06-20T06:38:17","slug":"about-us","status":"publish","type":"page","link":"https:\/\/ates.projeniz.com.tr\/index.php\/about-us\/","title":{"rendered":"About Us"},"content":{"rendered":"\t\t<div data-elementor-type=\"wp-page\" data-elementor-id=\"166\" class=\"elementor elementor-166\">\n\t\t\t\t\t\t<section class=\"elementor-section elementor-top-section elementor-element elementor-element-cc3aa73 elementor-section-boxed elementor-section-height-default elementor-section-height-default\" data-id=\"cc3aa73\" data-element_type=\"section\" data-e-type=\"section\" data-settings=\"{&quot;ekit_has_onepagescroll_dot&quot;:&quot;yes&quot;}\">\r\n\t\t\r\n\t\t\t\t\t\t\t<div class=\"elementor-container elementor-column-gap-custom\">\r\n\t\t\t\t\t\t\t\t\t\t\t<div class=\"elementor-column elementor-col-50 elementor-top-column elementor-element elementor-element-c0a41b0\" data-id=\"c0a41b0\" data-element_type=\"column\" data-e-type=\"column\">\r\n\t\t\t\t\t<div class=\"elementor-widget-wrap elementor-element-populated\">\r\n\t\t\t\t\t\t\t\t<div class=\"elementor-element elementor-element-baa6a72 mb-4 elementor-widget elementor-widget-heading\" data-id=\"baa6a72\" data-element_type=\"widget\" data-e-type=\"widget\" data-settings=\"{&quot;ekit_we_effect_on&quot;:&quot;none&quot;}\" data-widget_type=\"heading.default\">\n\t\t\t\t\t<div class=\"elementor-heading-title elementor-size-default\">We are <b>committed<\/b> to providing our clients the best logistic and transportation services.<\/div>\t\t\t\t<\/div>\n\t\t\t\t<div class=\"elementor-element elementor-element-5066b5d anim-text mb-0 elementor-widget elementor-widget-porto_ultimate_heading\" data-id=\"5066b5d\" data-element_type=\"widget\" data-e-type=\"widget\" data-settings=\"{&quot;ekit_we_effect_on&quot;:&quot;none&quot;}\" data-widget_type=\"porto_ultimate_heading.default\">\n\t\t\t\t\t<div class=\"porto-u-heading  porto-u-ad87e2eaf3f9c495180fe0156ddf3eb0\"><div class=\"porto-u-main-heading heading-highlight\" data-appear-animation=\"highlightProgress\"><div  >Lorem ipsum dolor sit amet, <mark style=\"color: #262c36;\">Pellentesque molestie vel turpis a sodales.<\/mark> consectetur adipiscing elit. Sed eget risus porta, tincidunt turpis at, interdum tortor. Suspendisse potenti. Lorem ipsum dolor sit amet, consectetur adipiscing elit. Sociis natoque penatibus et magnis dis parturient montes<\/div><\/div><style>.porto-u-ad87e2eaf3f9c495180fe0156ddf3eb0.porto-u-heading{text-align:left}<\/style><\/div>\t\t\t\t<\/div>\n\t\t\t\t<div class=\"elementor-element elementor-element-b5bf7d6 with-number my-4 elementor-widget elementor-widget-heading\" data-id=\"b5bf7d6\" data-element_type=\"widget\" data-e-type=\"widget\" data-settings=\"{&quot;ekit_we_effect_on&quot;:&quot;none&quot;}\" data-widget_type=\"heading.default\">\n\t\t\t\t\t<p class=\"elementor-heading-title elementor-size-default\"><span>35<\/span>years in business and cras a elit sit amet leo accumsan vo lutpat su spendisse hendrerit amet leo.<\/p>\t\t\t\t<\/div>\n\t\t\t\t<div class=\"elementor-element elementor-element-b16b376 elementor-widget elementor-widget-heading\" data-id=\"b16b376\" data-element_type=\"widget\" data-e-type=\"widget\" data-settings=\"{&quot;ekit_we_effect_on&quot;:&quot;none&quot;}\" data-widget_type=\"heading.default\">\n\t\t\t\t\t<p class=\"elementor-heading-title elementor-size-default\">Lorem ipsum dolor sit amet, consectetur adipiscing elit. Sed eget risus porta, tincidunt turpis at, interdum tortor. Suspendisse potenti.<\/p>\t\t\t\t<\/div>\n\t\t\t\t<div class=\"elementor-element elementor-element-55b7a65 pt-3 elementor-widget elementor-widget-testimonial\" data-id=\"55b7a65\" data-element_type=\"widget\" data-e-type=\"widget\" data-settings=\"{&quot;ekit_we_effect_on&quot;:&quot;none&quot;}\" data-widget_type=\"testimonial.default\">\n\t\t\t\t\t\t\t<div class=\"elementor-testimonial-wrapper\">\n\t\t\t\n\t\t\t\t\t\t<div class=\"elementor-testimonial-meta elementor-has-image elementor-testimonial-image-position-aside\">\n\t\t\t\t<div class=\"elementor-testimonial-meta-inner\">\n\t\t\t\t\t\t\t\t\t\t\t<div class=\"elementor-testimonial-image\">\n\t\t\t\t\t\t\t<img fetchpriority=\"high\" decoding=\"async\" width=\"400\" height=\"400\" src=\"https:\/\/ates.projeniz.com.tr\/wp-content\/uploads\/2022\/06\/avatar-4.jpg\" class=\"attachment-full size-full wp-image-699\" alt=\"Avatar\" srcset=\"https:\/\/ates.projeniz.com.tr\/wp-content\/uploads\/2022\/06\/avatar-4.jpg 400w, https:\/\/ates.projeniz.com.tr\/wp-content\/uploads\/2022\/06\/avatar-4-367x367.jpg 367w\" sizes=\"(max-width: 400px) 100vw, 400px\" \/>\t\t\t\t\t\t<\/div>\n\t\t\t\t\t\n\t\t\t\t\t\t\t\t\t\t<div class=\"elementor-testimonial-details\">\n\t\t\t\t\t\t\t\t\t\t\t\t\t\t<div class=\"elementor-testimonial-name\">John Doe<\/div>\n\t\t\t\t\t\t\t\t\t\t\t\t\t\t\t\t\t\t\t\t\t\t<div class=\"elementor-testimonial-job\">CEO &amp; FOUNDER<\/div>\n\t\t\t\t\t\t\t\t\t\t\t\t\t<\/div>\n\t\t\t\t\t\t\t\t\t<\/div>\n\t\t\t<\/div>\n\t\t\t\t\t<\/div>\n\t\t\t\t\t\t<\/div>\n\t\t\t\t\t<\/div>\r\n\t\t\t\t<\/div>\r\n\t\t\t\t<div class=\"elementor-column elementor-col-50 elementor-top-column elementor-element elementor-element-048a644 custom-image-wrapper\" data-id=\"048a644\" data-element_type=\"column\" data-e-type=\"column\">\r\n\t\t\t\t\t<div class=\"elementor-widget-wrap elementor-element-populated\">\r\n\t\t\t\t\t\t\t\t<div class=\"elementor-element elementor-element-367c2bc elementor-widget elementor-widget-image\" data-id=\"367c2bc\" data-element_type=\"widget\" data-e-type=\"widget\" data-settings=\"{&quot;ekit_we_effect_on&quot;:&quot;none&quot;}\" data-widget_type=\"image.default\">\n\t\t\t\t\t\t\t\t\t\t\t\t\t\t\t<img decoding=\"async\" width=\"359\" height=\"359\" src=\"https:\/\/ates.projeniz.com.tr\/wp-content\/uploads\/2022\/06\/service-1.webp\" class=\"attachment-large size-large wp-image-421\" alt=\"Service 1\" \/>\t\t\t\t\t\t\t\t\t\t\t\t\t\t\t<\/div>\n\t\t\t\t<div class=\"elementor-element elementor-element-60e19e4 custom-pos-1 elementor-widget__width-auto elementor-widget elementor-widget-image\" data-id=\"60e19e4\" data-element_type=\"widget\" data-e-type=\"widget\" data-settings=\"{&quot;ekit_we_effect_on&quot;:&quot;none&quot;}\" data-widget_type=\"image.default\">\n\t\t\t\t\t\t\t\t\t\t\t\t\t\t\t<img decoding=\"async\" width=\"359\" height=\"359\" src=\"https:\/\/ates.projeniz.com.tr\/wp-content\/uploads\/2022\/06\/service-2.jpg\" class=\"attachment-large size-large wp-image-462\" alt=\"Service 2\" \/>\t\t\t\t\t\t\t\t\t\t\t\t\t\t\t<\/div>\n\t\t\t\t<div class=\"elementor-element elementor-element-4c9fde0 custom-pos-2 elementor-widget__width-auto elementor-widget elementor-widget-image\" data-id=\"4c9fde0\" data-element_type=\"widget\" data-e-type=\"widget\" data-settings=\"{&quot;ekit_we_effect_on&quot;:&quot;none&quot;}\" data-widget_type=\"image.default\">\n\t\t\t\t\t\t\t\t\t\t\t\t\t\t\t<img loading=\"lazy\" decoding=\"async\" width=\"359\" height=\"359\" src=\"https:\/\/ates.projeniz.com.tr\/wp-content\/uploads\/2022\/06\/service-3.webp\" class=\"attachment-large size-large wp-image-463\" alt=\"\" \/>\t\t\t\t\t\t\t\t\t\t\t\t\t\t\t<\/div>\n\t\t\t\t\t<\/div>\r\n\t\t\t\t<\/div>\r\n\t\t\t\t\t<\/div>\r\n\t\t\t\t<\/section>\r\n\t\t\t\t<section class=\"elementor-section elementor-top-section elementor-element elementor-element-ed376d8 elementor-section-boxed elementor-section-height-default elementor-section-height-default\" data-id=\"ed376d8\" data-element_type=\"section\" data-e-type=\"section\" data-settings=\"{&quot;background_background&quot;:&quot;classic&quot;,&quot;ekit_has_onepagescroll_dot&quot;:&quot;yes&quot;}\">\r\n\t\t\r\n\t\t\t\t\t\t\t<div class=\"elementor-container elementor-column-gap-custom\">\r\n\t\t\t\t\t\t\t\t\t\t\t<div class=\"elementor-column elementor-col-50 elementor-top-column elementor-element elementor-element-0c0c994 blog-wrapper\" data-id=\"0c0c994\" data-element_type=\"column\" data-e-type=\"column\">\r\n\t\t\t\t\t<div class=\"elementor-widget-wrap elementor-element-populated\">\r\n\t\t\t\t\t\t\t\t<div class=\"elementor-element elementor-element-eb08261 with-custom-underline mb-0 elementor-widget elementor-widget-heading\" data-id=\"eb08261\" data-element_type=\"widget\" data-e-type=\"widget\" data-settings=\"{&quot;ekit_we_effect_on&quot;:&quot;none&quot;}\" data-widget_type=\"heading.default\">\n\t\t\t\t\t<h2 class=\"elementor-heading-title elementor-size-default\">Latest News<\/h2>\t\t\t\t<\/div>\n\t\t\t\t<div class=\"elementor-element elementor-element-9ebf0ef elementor-widget elementor-widget-porto_posts_grid\" data-id=\"9ebf0ef\" data-element_type=\"widget\" data-e-type=\"widget\" data-settings=\"{&quot;spacing&quot;:{&quot;unit&quot;:&quot;px&quot;,&quot;size&quot;:0,&quot;sizes&quot;:[]},&quot;ekit_we_effect_on&quot;:&quot;none&quot;}\" data-widget_type=\"porto_posts_grid.default\">\n\t\t\t\t\t<div class=\"porto-posts-grid porto-posts-grid-d751713988987e9331980363e24189ce porto-blog6bh6\"><style scope=\"scope\">.page-wrapper .porto-gb-1e42cb77a078911465bad643afc3ed29{margin-bottom:24px;padding:0px 0px 0px 0px;}.page-wrapper .porto-gb-e7d8761369ecb25be39d504d0294858a{}.page-wrapper .porto-gb-d197fb3f7baf392c58a0d3272b84189b{padding:8px 16px 8px 16px;position:absolute;z-index:1;bottom:26px;left:24px;}.page-wrapper .porto-gb-c95c83f0bc09a171620928715b5f6357{}.page-wrapper .porto-gb-c95c83f0bc09a171620928715b5f6357{font-size:25.2px;--porto-fs:25.2px;font-weight:600;line-height:1.2;--porto-lh:1.2;text-align:center;color:#ffffff}.page-wrapper .porto-gb-02f3bc2e0d3b1fd8ad02953aba970cc5{}.page-wrapper .porto-gb-02f3bc2e0d3b1fd8ad02953aba970cc5{font-size:17.64px;--porto-fs:17.64px;font-weight:600;text-transform:uppercase;line-height:1.2;--porto-lh:1.2;letter-spacing:2px;text-align:center;color:#ffffff}.page-wrapper .porto-gb-417d0b2134ffaa94521400a50f3d9b3d{margin-bottom:0px;}.page-wrapper .porto-gb-417d0b2134ffaa94521400a50f3d9b3d,.porto-gb-417d0b2134ffaa94521400a50f3d9b3d p{font-size:12.6px;--porto-fs:12.6px;font-weight:600;text-transform:uppercase;letter-spacing:2px;color:#969696}.page-wrapper .porto-gb-26144f76a50b1d02c4da67e4df2d0aaa{font-size:0.9em;--porto-fs:0.9em;font-weight:600;text-transform:uppercase;line-height:26px;--porto-lh:26px;letter-spacing:2px;color:#969696}.page-wrapper .porto-gb-4d61947d54e41b05944555f628d4d34a{margin-bottom:8px;}.page-wrapper .porto-gb-4d61947d54e41b05944555f628d4d34a,.porto-gb-4d61947d54e41b05944555f628d4d34a p{font-size:21px;--porto-fs:21px;font-weight:700;line-height:27px;--porto-lh:27px;letter-spacing:-0.05em;color:#212529}.page-wrapper .porto-gb-3505286438c9a52aa5cac7600ec8ccff{margin-bottom:16px;}.porto-gb-3505286438c9a52aa5cac7600ec8ccff,.porto-gb-3505286438c9a52aa5cac7600ec8ccff p{font-size:15.4px;--porto-fs:15.4px;font-weight:400;line-height:26px;--porto-lh:26px;}.page-wrapper .porto-gb-1cedce00f3b8cf3b59aee0b25b030ce8{background-color:rgba(255,255,255,0);border-width:0px 0px 0px 0px;margin-bottom:10px;padding:0px 0px 0px 0px;}.page-wrapper .porto-gb-1cedce00f3b8cf3b59aee0b25b030ce8:hover{background-color:rgba(255,255,255,0);color:var(--porto-primary-color);opacity:0.8;}.page-wrapper .porto-gb-1cedce00f3b8cf3b59aee0b25b030ce8{font-size:14px;--porto-fs:14px;font-weight:600;text-transform:uppercase;line-height:26px;--porto-lh:26px;color:var(--porto-primary-color)}.post .post-read-more-link { text-decoration: underline; }<\/style><div class=\"posts-wrap posts-container has-ccols ccols-1 has-ccols-spacing\" style=\"\"><div class=\"porto-tb-item post post-577 type-post status-publish format-standard has-post-thumbnail hentry category-uncategorized\"><div class=\"porto-section overflow-hidden porto-gb-1e42cb77a078911465bad643afc3ed29\">\n<div class=\"porto-tb-featured-image tb-image-type-default porto-img-zoom porto-gb-e7d8761369ecb25be39d504d0294858a\" data-title=\"Lorem ipsum dolor sit a met, consectetur\"><a aria-label=\"post featured image\" href=\"https:\/\/ates.projeniz.com.tr\/index.php\/2022\/06\/21\/lorem-ipsum-dolor-sit-a-met-consectetur\/\" class=\"img-thumbnail\"><img loading=\"lazy\" decoding=\"async\" width=\"451\" height=\"245\" src=\"https:\/\/ates.projeniz.com.tr\/wp-content\/uploads\/2022\/06\/post-thumb-1.webp\" class=\"img-responsive\" alt=\"Post\" srcset=\"https:\/\/ates.projeniz.com.tr\/wp-content\/uploads\/2022\/06\/post-thumb-1.webp 451w, https:\/\/ates.projeniz.com.tr\/wp-content\/uploads\/2022\/06\/post-thumb-1-400x217.webp 400w, https:\/\/ates.projeniz.com.tr\/wp-content\/uploads\/2022\/06\/post-thumb-1-367x199.webp 367w\" sizes=\"(max-width: 451px) 100vw, 451px\" \/><\/a><\/div>\n\n<section class=\"porto-section porto-gb-d197fb3f7baf392c58a0d3272b84189b\" style=\"background-color:var(--porto-primary-color);\">\n<span class=\"porto-tb-meta tb-meta-published_date d-block text-center porto-gb-c95c83f0bc09a171620928715b5f6357\">21<\/span>\n\n<span class=\"porto-tb-meta tb-meta-published_date d-block porto-gb-02f3bc2e0d3b1fd8ad02953aba970cc5\">Haz<\/span>\n<\/section>\n<\/div>\n\n<span class=\"porto-heading porto-gb-417d0b2134ffaa94521400a50f3d9b3d\" style=\"\">BY<\/span>\n\n<span class=\"porto-tb-meta tb-meta-author porto-gb-26144f76a50b1d02c4da67e4df2d0aaa\"><a href=\"https:\/\/ates.projeniz.com.tr\/index.php\/author\/ates\/\" title=\"admin taraf\u0131ndan yaz\u0131lan yaz\u0131lar\" rel=\"author\">admin<\/a><\/span>\n\n<h3 class=\"porto-heading porto-gb-4d61947d54e41b05944555f628d4d34a post-title\" style=\"\"><a aria-label=\"Post Title\" href=\"https:\/\/ates.projeniz.com.tr\/index.php\/2022\/06\/21\/lorem-ipsum-dolor-sit-a-met-consectetur\/\">Lorem ipsum dolor sit a met, consectetur<\/a><\/h3>\n\n<div class=\"tb-content porto-gb-3505286438c9a52aa5cac7600ec8ccff\">\nLorem ipsum dolor sit amet, consectetur adipiscing elit quisque rutrum pellentesqu...<\/div>\n\n<a aria-label=\"button\" class=\"btn btn-lg btn-primary post-read-more-link porto-gb-1cedce00f3b8cf3b59aee0b25b030ce8\" href=\"https:\/\/ates.projeniz.com.tr\/index.php\/2022\/06\/21\/lorem-ipsum-dolor-sit-a-met-consectetur\/\"><span>Read More<\/span><\/a><\/div><\/div><\/div>\t\t\t\t<\/div>\n\t\t\t\t\t<\/div>\r\n\t\t\t\t<\/div>\r\n\t\t\t\t<div class=\"elementor-column elementor-col-50 elementor-top-column elementor-element elementor-element-df43d55\" data-id=\"df43d55\" data-element_type=\"column\" data-e-type=\"column\">\r\n\t\t\t\t\t<div class=\"elementor-widget-wrap elementor-element-populated\">\r\n\t\t\t\t\t\t\t\t<div class=\"elementor-element elementor-element-efb5df5 with-custom-underline mb-0 elementor-widget elementor-widget-heading\" data-id=\"efb5df5\" data-element_type=\"widget\" data-e-type=\"widget\" data-settings=\"{&quot;ekit_we_effect_on&quot;:&quot;none&quot;}\" data-widget_type=\"heading.default\">\n\t\t\t\t\t<h2 class=\"elementor-heading-title elementor-size-default\">FAQ's<\/h2>\t\t\t\t<\/div>\n\t\t\t\t<div class=\"elementor-element elementor-element-6cbd18b custom-faqs mb-0 elementor-widget elementor-widget-porto_faqs\" data-id=\"6cbd18b\" data-element_type=\"widget\" data-e-type=\"widget\" data-settings=\"{&quot;ekit_we_effect_on&quot;:&quot;none&quot;}\" data-widget_type=\"porto_faqs.default\">\n\t\t\t\t\t<div class=\"porto-faqs porto-faqsewhv wpb_content_element \">\r\n\t<div class=\"page-faqs clearfix\" id=\"porto_faqs_a5yt\">\r\n\r\n\t\t\r\n\t\t\r\n\t\t<div class=\"faq-row faqs-container\">\r\n\t\t\t\r\n<div class=\"faq post-592 type-faq status-publish hentry\">\r\n\t<section class=\"toggle\">\r\n\t\t<label>1 \u2013 Tristique sit amet condim vel?<\/label>\r\n\t\t<div class=\"toggle-content\">\r\n\t\t<h3 class=\"entry-title\" style=\"display: none;\">1 \u2013 Tristique sit amet condim vel?<\/h3><span class=\"vcard\" style=\"display: none;\"><span class=\"fn\"><a href=\"https:\/\/ates.projeniz.com.tr\/index.php\/author\/ates\/\" title=\"admin taraf\u0131ndan yaz\u0131lan yaz\u0131lar\" rel=\"author\">admin<\/a><\/span><\/span><span class=\"updated\" style=\"display:none\">2022-06-21T07:14:13+00:00<\/span>\n<p>Donec tellus massa, tristique sit amet condim vel, facilisis quis sapien. Praesent id enim sit amet odio vulputate eleifend in in tortor. Donec tellus massa, tristique sit amet condim vel, facilisis quis sapien. Praesent id enim sit amet odio vulputate eleifend in in tortor. Donec tellus massa, tristique sit amet condim vel, facilisis quis sapien.<\/p>\n\t\t<\/div>\r\n\t<\/section>\r\n<\/div>\r\n\r\n<div class=\"faq post-593 type-faq status-publish hentry\">\r\n\t<section class=\"toggle\">\r\n\t\t<label>2 \u2013 Cras a elit sit amet leo accumsan?<\/label>\r\n\t\t<div class=\"toggle-content\">\r\n\t\t<h3 class=\"entry-title\" style=\"display: none;\">2 \u2013 Cras a elit sit amet leo accumsan?<\/h3><span class=\"vcard\" style=\"display: none;\"><span class=\"fn\"><a href=\"https:\/\/ates.projeniz.com.tr\/index.php\/author\/ates\/\" title=\"admin taraf\u0131ndan yaz\u0131lan yaz\u0131lar\" rel=\"author\">admin<\/a><\/span><\/span><span class=\"updated\" style=\"display:none\">2022-06-21T06:14:26+00:00<\/span>\n<p>Donec tellus massa, tristique sit amet condim vel, facilisis quis sapien. Praesent id enim sit amet odio vulputate eleifend in in tortor. Donec tellus massa, tristique sit amet condim vel, facilisis quis sapien. Praesent id enim sit amet odio vulputate eleifend in in tortor. Donec tellus massa, tristique sit amet condim vel, facilisis quis sapien.<\/p>\n\t\t<\/div>\r\n\t<\/section>\r\n<\/div>\r\n\r\n<div class=\"faq post-594 type-faq status-publish hentry\">\r\n\t<section class=\"toggle\">\r\n\t\t<label>3 \u2013 Hel officitur felis ultricis nan?<\/label>\r\n\t\t<div class=\"toggle-content\">\r\n\t\t<h3 class=\"entry-title\" style=\"display: none;\">3 \u2013 Hel officitur felis ultricis nan?<\/h3><span class=\"vcard\" style=\"display: none;\"><span class=\"fn\"><a href=\"https:\/\/ates.projeniz.com.tr\/index.php\/author\/ates\/\" title=\"admin taraf\u0131ndan yaz\u0131lan yaz\u0131lar\" rel=\"author\">admin<\/a><\/span><\/span><span class=\"updated\" style=\"display:none\">2022-06-21T05:15:01+00:00<\/span>\n<p>Donec tellus massa, tristique sit amet condim vel, facilisis quis sapien. Praesent id enim sit amet odio vulputate eleifend in in tortor. Donec tellus massa, tristique sit amet condim vel, facilisis quis sapien. Praesent id enim sit amet odio vulputate eleifend in in tortor. Donec tellus massa, tristique sit amet condim vel, facilisis quis sapien.<\/p>\n\t\t<\/div>\r\n\t<\/section>\r\n<\/div>\r\n\r\n<div class=\"faq post-595 type-faq status-publish hentry\">\r\n\t<section class=\"toggle\">\r\n\t\t<label>4 \u2013 Wuspaisse hendreirit vehicula leo?<\/label>\r\n\t\t<div class=\"toggle-content\">\r\n\t\t<h3 class=\"entry-title\" style=\"display: none;\">4 \u2013 Wuspaisse hendreirit vehicula leo?<\/h3><span class=\"vcard\" style=\"display: none;\"><span class=\"fn\"><a href=\"https:\/\/ates.projeniz.com.tr\/index.php\/author\/ates\/\" title=\"admin taraf\u0131ndan yaz\u0131lan yaz\u0131lar\" rel=\"author\">admin<\/a><\/span><\/span><span class=\"updated\" style=\"display:none\">2022-06-21T04:15:12+00:00<\/span>\n<p>Donec tellus massa, tristique sit amet condim vel, facilisis quis sapien. Praesent id enim sit amet odio vulputate eleifend in in tortor. Donec tellus massa, tristique sit amet condim vel, facilisis quis sapien. Praesent id enim sit amet odio vulputate eleifend in in tortor. Donec tellus massa, tristique sit amet condim vel, facilisis quis sapien.<\/p>\n\t\t<\/div>\r\n\t<\/section>\r\n<\/div>\r\n\t\t<\/div>\r\n\r\n\t\t\r\n\t<\/div>\r\n\r\n\t\r\n\t<\/div>\t\t\t\t<\/div>\n\t\t\t\t<div class=\"elementor-element elementor-element-3965557 elementor-widget elementor-widget-heading\" data-id=\"3965557\" data-element_type=\"widget\" data-e-type=\"widget\" data-settings=\"{&quot;ekit_we_effect_on&quot;:&quot;none&quot;}\" data-widget_type=\"heading.default\">\n\t\t\t\t\t<p class=\"elementor-heading-title elementor-size-default\"><a href=\"#\">Read More<\/a><\/p>\t\t\t\t<\/div>\n\t\t\t\t\t<\/div>\r\n\t\t\t\t<\/div>\r\n\t\t\t\t\t<\/div>\r\n\t\t\t\t<\/section>\r\n\t\t\t\t<\/div>\n\t\t","protected":false},"excerpt":{"rendered":"<p>We are committed to providing our clients the best logistic and transportation services. Lorem ipsum dolor sit amet, Pellentesque molestie vel turpis a sodales. consectetur adipiscing elit. Sed eget risus porta, tincidunt turpis at, interdum tortor. Suspendisse potenti. Lorem ipsum dolor sit amet, consectetur adipiscing elit. Sociis natoque penatibus et magnis dis parturient montes 35years [&hellip;]<\/p>\n","protected":false},"author":1,"featured_media":0,"parent":0,"menu_order":0,"comment_status":"closed","ping_status":"closed","template":"","meta":{"footnotes":""},"class_list":["post-166","page","type-page","status-publish","hentry"],"_links":{"self":[{"href":"https:\/\/ates.projeniz.com.tr\/index.php\/wp-json\/wp\/v2\/pages\/166","targetHints":{"allow":["GET"]}}],"collection":[{"href":"https:\/\/ates.projeniz.com.tr\/index.php\/wp-json\/wp\/v2\/pages"}],"about":[{"href":"https:\/\/ates.projeniz.com.tr\/index.php\/wp-json\/wp\/v2\/types\/page"}],"author":[{"embeddable":true,"href":"https:\/\/ates.projeniz.com.tr\/index.php\/wp-json\/wp\/v2\/users\/1"}],"replies":[{"embeddable":true,"href":"https:\/\/ates.projeniz.com.tr\/index.php\/wp-json\/wp\/v2\/comments?post=166"}],"version-history":[{"count":0,"href":"https:\/\/ates.projeniz.com.tr\/index.php\/wp-json\/wp\/v2\/pages\/166\/revisions"}],"wp:attachment":[{"href":"https:\/\/ates.projeniz.com.tr\/index.php\/wp-json\/wp\/v2\/media?parent=166"}],"curies":[{"name":"wp","href":"https:\/\/api.w.org\/{rel}","templated":true}]}}